{"id":592,"date":"2025-07-21T19:39:48","date_gmt":"2025-07-21T17:39:48","guid":{"rendered":"https:\/\/promothome.com\/financement\/?page_id=592"},"modified":"2025-07-24T17:02:32","modified_gmt":"2025-07-24T15:02:32","slug":"rachat-de-credits","status":"publish","type":"page","link":"https:\/\/promothome.com\/financement\/rachat-de-credits\/","title":{"rendered":"Rachat de cr\u00e9dits"},"content":{"rendered":"<div class=\"wpb-content-wrapper\"><p>[vc_row][vc_column][vc_column_text css=\u00a0\u00bb\u00a0\u00bb]Le <strong>rachat de cr\u00e9dit<\/strong> permet de regrouper vos pr\u00eats <strong>consommation<\/strong> ou <strong>immobilier<\/strong> en un seul emprunt, facilitant ainsi la gestion de vos mensualit\u00e9s. Cette solution offre \u00e9galement la possibilit\u00e9 de <strong>financer des travaux<\/strong> en m\u00eame temps que le regroupement de vos cr\u00e9dits, vous permettant ainsi de faire face \u00e0 de nouvelles d\u00e9penses tout en optimisant votre tr\u00e9sorerie. <strong>Promothome Financement<\/strong> vous accompagne pour \u00e9valuer votre situation et trouver la solution la plus adapt\u00e9e \u00e0 vos besoins, vous offrant un suivi personnalis\u00e9 tout au long du processus.[\/vc_column_text][vc_btn title=\u00a0\u00bbDEMANDER UN PR\u00caT\u00a0\u00bb style=\u00a0\u00bbflat\u00a0\u00bb shape=\u00a0\u00bbsquare\u00a0\u00bb color=\u00a0\u00bbblack\u00a0\u00bb size=\u00a0\u00bblg\u00a0\u00bb align=\u00a0\u00bbcenter\u00a0\u00bb css=\u00a0\u00bb\u00a0\u00bb link=\u00a0\u00bburl:https%3A%2F%2Fpromothome.com%2Ffinancement%2Fdemande-financement%2F\u00a0\u00bb][\/vc_column][\/vc_row]<\/p>\n<\/div>","protected":false},"excerpt":{"rendered":"<p>[vc_row][vc_column][vc_column_text css=\u00a0\u00bb\u00a0\u00bb]Le rachat de cr\u00e9dit permet de regrouper vos pr\u00eats consommation ou immobilier en un seul emprunt, facilitant ainsi la gestion de vos mensualit\u00e9s. Cette solution offre \u00e9galement la possibilit\u00e9 de financer des travaux en m\u00eame temps que le regroupement de vos cr\u00e9dits, vous permettant ainsi de faire face \u00e0 de nouvelles d\u00e9penses tout en [&hellip;]<\/p>\n","protected":false},"author":1,"featured_media":0,"parent":0,"menu_order":0,"comment_status":"closed","ping_status":"closed","template":"","meta":{"footnotes":""},"class_list":["post-592","page","type-page","status-publish","hentry"],"yoast_head":"<!-- This site is optimized with the Yoast SEO plugin v24.5 - https:\/\/yoast.com\/wordpress\/plugins\/seo\/ -->\n<title>Rachat de cr\u00e9dits - PROMOTHOME - FINANCEMENT<\/title>\n<meta name=\"robots\" content=\"index, follow, max-snippet:-1, max-image-preview:large, max-video-preview:-1\" \/>\n<link rel=\"canonical\" href=\"https:\/\/promothome.com\/financement\/rachat-de-credits\/\" \/>\n<meta property=\"og:locale\" content=\"fr_FR\" \/>\n<meta property=\"og:type\" content=\"article\" \/>\n<meta property=\"og:title\" content=\"Rachat de cr\u00e9dits - PROMOTHOME - FINANCEMENT\" \/>\n<meta property=\"og:description\" content=\"[vc_row][vc_column][vc_column_text css=\u00a0\u00bb\u00a0\u00bb]Le rachat de cr\u00e9dit permet de regrouper vos pr\u00eats consommation ou immobilier en un seul emprunt, facilitant ainsi la gestion de vos mensualit\u00e9s. Cette solution offre \u00e9galement la possibilit\u00e9 de financer des travaux en m\u00eame temps que le regroupement de vos cr\u00e9dits, vous permettant ainsi de faire face \u00e0 de nouvelles d\u00e9penses tout en [&hellip;]\" \/>\n<meta property=\"og:url\" content=\"https:\/\/promothome.com\/financement\/rachat-de-credits\/\" \/>\n<meta property=\"og:site_name\" content=\"PROMOTHOME - FINANCEMENT\" \/>\n<meta property=\"article:modified_time\" content=\"2025-07-24T15:02:32+00:00\" \/>\n<meta name=\"twitter:card\" content=\"summary_large_image\" \/>\n<meta name=\"twitter:label1\" content=\"Dur\u00e9e de lecture estim\u00e9e\" \/>\n\t<meta name=\"twitter:data1\" content=\"1 minute\" \/>\n<script type=\"application\/ld+json\" class=\"yoast-schema-graph\">{\"@context\":\"https:\/\/schema.org\",\"@graph\":[{\"@type\":\"WebPage\",\"@id\":\"https:\/\/promothome.com\/financement\/rachat-de-credits\/\",\"url\":\"https:\/\/promothome.com\/financement\/rachat-de-credits\/\",\"name\":\"Rachat de cr\u00e9dits - PROMOTHOME - FINANCEMENT\",\"isPartOf\":{\"@id\":\"https:\/\/promothome.com\/financement\/#website\"},\"datePublished\":\"2025-07-21T17:39:48+00:00\",\"dateModified\":\"2025-07-24T15:02:32+00:00\",\"breadcrumb\":{\"@id\":\"https:\/\/promothome.com\/financement\/rachat-de-credits\/#breadcrumb\"},\"inLanguage\":\"fr-FR\",\"potentialAction\":[{\"@type\":\"ReadAction\",\"target\":[\"https:\/\/promothome.com\/financement\/rachat-de-credits\/\"]}]},{\"@type\":\"BreadcrumbList\",\"@id\":\"https:\/\/promothome.com\/financement\/rachat-de-credits\/#breadcrumb\",\"itemListElement\":[{\"@type\":\"ListItem\",\"position\":1,\"name\":\"Accueil\",\"item\":\"https:\/\/promothome.com\/financement\/\"},{\"@type\":\"ListItem\",\"position\":2,\"name\":\"Rachat de cr\u00e9dits\"}]},{\"@type\":\"WebSite\",\"@id\":\"https:\/\/promothome.com\/financement\/#website\",\"url\":\"https:\/\/promothome.com\/financement\/\",\"name\":\"PROMOTHOME - FINANCEMENT\",\"description\":\"Financez votre projet immobilier\",\"potentialAction\":[{\"@type\":\"SearchAction\",\"target\":{\"@type\":\"EntryPoint\",\"urlTemplate\":\"https:\/\/promothome.com\/financement\/?s={search_term_string}\"},\"query-input\":{\"@type\":\"PropertyValueSpecification\",\"valueRequired\":true,\"valueName\":\"search_term_string\"}}],\"inLanguage\":\"fr-FR\"}]}<\/script>\n<!-- \/ Yoast SEO plugin. -->","yoast_head_json":{"title":"Rachat de cr\u00e9dits - PROMOTHOME - FINANCEMENT","robots":{"index":"index","follow":"follow","max-snippet":"max-snippet:-1","max-image-preview":"max-image-preview:large","max-video-preview":"max-video-preview:-1"},"canonical":"https:\/\/promothome.com\/financement\/rachat-de-credits\/","og_locale":"fr_FR","og_type":"article","og_title":"Rachat de cr\u00e9dits - PROMOTHOME - FINANCEMENT","og_description":"[vc_row][vc_column][vc_column_text css=\u00a0\u00bb\u00a0\u00bb]Le rachat de cr\u00e9dit permet de regrouper vos pr\u00eats consommation ou immobilier en un seul emprunt, facilitant ainsi la gestion de vos mensualit\u00e9s. Cette solution offre \u00e9galement la possibilit\u00e9 de financer des travaux en m\u00eame temps que le regroupement de vos cr\u00e9dits, vous permettant ainsi de faire face \u00e0 de nouvelles d\u00e9penses tout en [&hellip;]","og_url":"https:\/\/promothome.com\/financement\/rachat-de-credits\/","og_site_name":"PROMOTHOME - FINANCEMENT","article_modified_time":"2025-07-24T15:02:32+00:00","twitter_card":"summary_large_image","twitter_misc":{"Dur\u00e9e de lecture estim\u00e9e":"1 minute"},"schema":{"@context":"https:\/\/schema.org","@graph":[{"@type":"WebPage","@id":"https:\/\/promothome.com\/financement\/rachat-de-credits\/","url":"https:\/\/promothome.com\/financement\/rachat-de-credits\/","name":"Rachat de cr\u00e9dits - PROMOTHOME - FINANCEMENT","isPartOf":{"@id":"https:\/\/promothome.com\/financement\/#website"},"datePublished":"2025-07-21T17:39:48+00:00","dateModified":"2025-07-24T15:02:32+00:00","breadcrumb":{"@id":"https:\/\/promothome.com\/financement\/rachat-de-credits\/#breadcrumb"},"inLanguage":"fr-FR","potentialAction":[{"@type":"ReadAction","target":["https:\/\/promothome.com\/financement\/rachat-de-credits\/"]}]},{"@type":"BreadcrumbList","@id":"https:\/\/promothome.com\/financement\/rachat-de-credits\/#breadcrumb","itemListElement":[{"@type":"ListItem","position":1,"name":"Accueil","item":"https:\/\/promothome.com\/financement\/"},{"@type":"ListItem","position":2,"name":"Rachat de cr\u00e9dits"}]},{"@type":"WebSite","@id":"https:\/\/promothome.com\/financement\/#website","url":"https:\/\/promothome.com\/financement\/","name":"PROMOTHOME - FINANCEMENT","description":"Financez votre projet immobilier","potentialAction":[{"@type":"SearchAction","target":{"@type":"EntryPoint","urlTemplate":"https:\/\/promothome.com\/financement\/?s={search_term_string}"},"query-input":{"@type":"PropertyValueSpecification","valueRequired":true,"valueName":"search_term_string"}}],"inLanguage":"fr-FR"}]}},"_links":{"self":[{"href":"https:\/\/promothome.com\/financement\/wp-json\/wp\/v2\/pages\/592","targetHints":{"allow":["GET"]}}],"collection":[{"href":"https:\/\/promothome.com\/financement\/wp-json\/wp\/v2\/pages"}],"about":[{"href":"https:\/\/promothome.com\/financement\/wp-json\/wp\/v2\/types\/page"}],"author":[{"embeddable":true,"href":"https:\/\/promothome.com\/financement\/wp-json\/wp\/v2\/users\/1"}],"replies":[{"embeddable":true,"href":"https:\/\/promothome.com\/financement\/wp-json\/wp\/v2\/comments?post=592"}],"version-history":[{"count":4,"href":"https:\/\/promothome.com\/financement\/wp-json\/wp\/v2\/pages\/592\/revisions"}],"predecessor-version":[{"id":608,"href":"https:\/\/promothome.com\/financement\/wp-json\/wp\/v2\/pages\/592\/revisions\/608"}],"wp:attachment":[{"href":"https:\/\/promothome.com\/financement\/wp-json\/wp\/v2\/media?parent=592"}],"curies":[{"name":"wp","href":"https:\/\/api.w.org\/{rel}","templated":true}]}}